{"id":3337,"date":"2024-11-13T23:32:48","date_gmt":"2024-11-14T05:32:48","guid":{"rendered":"https:\/\/hipstah.com.mx\/turbulenceyburritaburrona\/?post_type=product&#038;p=3337"},"modified":"2024-11-14T01:10:44","modified_gmt":"2024-11-14T07:10:44","slug":"sueter-galleta-de-jenjibre","status":"publish","type":"product","link":"https:\/\/hipstah.com.mx\/turbulenceyburritaburrona\/producto\/sueter-galleta-de-jenjibre\/","title":{"rendered":"Sueter Galleta de Jenjibre"},"content":{"rendered":"<p>\u00a1Dale un mordisco a la navidad con el su\u00e9ter <em>Galleta de Jengibre<\/em> de Las Amponas! \ud83c\udf84\ud83c\udf6a Este su\u00e9ter no es cualquier outfit navide\u00f1o: tiene el toque \u00fanico de Turbulence y Burrita Burrona, lleno de sabor, chispa y un poco de &#8220;ciza\u00f1a&#8221; para hacer de tu look festivo algo memorable. Perfecto para esas posadas donde el chisme es m\u00e1s dulce que el ponche. \ud83c\udf89\u2728 \u00dasalo, rompe el molde y s\u00e9 la galleta de jengibre m\u00e1s ampona de la fiesta.<\/p>\n","protected":false},"excerpt":{"rendered":"<p>\u00a1Dale un mordisco a la navidad con el su\u00e9ter <em>Galleta de Jengibre<\/em> de Las Amponas!<\/p>\n","protected":false},"featured_media":3339,"comment_status":"open","ping_status":"closed","template":"","meta":[],"product_cat":[69],"product_tag":[],"class_list":{"0":"post-3337","1":"product","2":"type-product","3":"status-publish","4":"has-post-thumbnail","6":"product_cat-sueter","7":"pa_talla-ch","8":"pa_talla-m","9":"pa_talla-g","10":"pa_talla-xg","12":"first","13":"instock","14":"shipping-taxable","15":"purchasable","16":"product-type-variable","17":"wvs-archive-product-wrapper"},"_links":{"self":[{"href":"https:\/\/hipstah.com.mx\/turbulenceyburritaburrona\/wp-json\/wp\/v2\/product\/3337","targetHints":{"allow":["GET"]}}],"collection":[{"href":"https:\/\/hipstah.com.mx\/turbulenceyburritaburrona\/wp-json\/wp\/v2\/product"}],"about":[{"href":"https:\/\/hipstah.com.mx\/turbulenceyburritaburrona\/wp-json\/wp\/v2\/types\/product"}],"replies":[{"embeddable":true,"href":"https:\/\/hipstah.com.mx\/turbulenceyburritaburrona\/wp-json\/wp\/v2\/comments?post=3337"}],"version-history":[{"count":2,"href":"https:\/\/hipstah.com.mx\/turbulenceyburritaburrona\/wp-json\/wp\/v2\/product\/3337\/revisions"}],"predecessor-version":[{"id":3389,"href":"https:\/\/hipstah.com.mx\/turbulenceyburritaburrona\/wp-json\/wp\/v2\/product\/3337\/revisions\/3389"}],"wp:featuredmedia":[{"embeddable":true,"href":"https:\/\/hipstah.com.mx\/turbulenceyburritaburrona\/wp-json\/wp\/v2\/media\/3339"}],"wp:attachment":[{"href":"https:\/\/hipstah.com.mx\/turbulenceyburritaburrona\/wp-json\/wp\/v2\/media?parent=3337"}],"wp:term":[{"taxonomy":"product_cat","embeddable":true,"href":"https:\/\/hipstah.com.mx\/turbulenceyburritaburrona\/wp-json\/wp\/v2\/product_cat?post=3337"},{"taxonomy":"product_tag","embeddable":true,"href":"https:\/\/hipstah.com.mx\/turbulenceyburritaburrona\/wp-json\/wp\/v2\/product_tag?post=3337"}],"curies":[{"name":"wp","href":"https:\/\/api.w.org\/{rel}","templated":true}]}}